lse
Does 5 divide 1095?
True
Is 46064 a multiple of 30?
False
Is 7 a factor of 455?
True
Is 38 a factor of 8602?
False
Is 65 a factor of 1660?
False
Does 14 divide 4980?
False
Is 6256 a multiple of 136?
True
Is 1224 a multiple of 3?
True
Is 5050 a multiple of 101?
True
Is 48 a factor of 2112?
True
Is 6 a factor of 96?
True
Does 59 divide 480?
False
Is 3520 a multiple of 160?
True
Is 3216 a multiple of 48?
True
Is 6 a factor of 32550?
True
Is 1978 a multiple of 73?
False
Does 143 divide 14586?
True
Is 630 a multiple of 15?
True
Is 1216 a multiple of 6?
False
Is 8 a factor of 10402?
False
Does 42 divide 1140?
False
Does 12 divide 7476?
True
Does 13 divide 6121?
False
Is 29 a factor of 2030?
True
Is 1244 a multiple of 32?
False
Is 4496 a multiple of 183?
False
Is 6060 a multiple of 20?
True
Is 588 a multiple of 21?
True
Does 24 divide 5330?
False
Is 1540 a multiple of 11?
True
Does 16 divide 1144?
False
Does 87 divide 10527?
True
Is 10257 a multiple of 13?
True
Does 48 divide 1326?
False
Does 3 divide 17410?
False
Does 24 divide 1128?
True
Is 120 a factor of 15600?
True
Is 80 a factor of 577?
False
Does 124 divide 7638?
False
Is 7344 a multiple of 204?
True
Does 47 divide 376?
True
Is 30 a factor of 11832?
False
Does 18 divide 575?
False
Is 24571 a multiple of 182?
False
Does 93 divide 1302?
True
Is 3936 a multiple of 41?
True
Is 921 a multiple of 10?
False
Does 6 divide 259?
False
Is 15 a factor of 19245?
True
Is 63945 a multiple of 147?
True
Does 16 divide 208?
True
Is 14523 a multiple of 47?
True
Does 4 divide 179?
False
Does 12 divide 2292?
True
Is 148 a multiple of 37?
True
Does 42 divide 4491?
False
Does 183 divide 10805?
False
Is 37519 a multiple of 69?
False
Is 10 a factor of 880?
True
Is 1656 a multiple of 23?
True
Is 81 a multiple of 3?
True
Is 90 a factor of 4500?
True
Is 355 a multiple of 19?
False
Is 22000 a multiple of 22?
True
Is 37 even?
False
Is 3850 a multiple of 14?
True
Does 3 divide 134?
False
Is 4 a factor of 3088?
True
Does 59 divide 46315?
True
Does 28 divide 55268?
False
Is 427 a multiple of 15?
False
Does 33 divide 396?
True
Is 673 a multiple of 6?
False
Is 31453 a multiple of 48?
False
Is 955 a multiple of 7?
False
Is 888 a multiple of 8?
True
Is 18 a factor of 3402?
True
Is 6344 a multiple of 26?
True
Does 13 divide 403?
True
Does 201 divide 53868?
True
Is 7 a factor of 3819?
False
Does 120 divide 11400?
True
Is 10 a factor of 5809?
False
Does 18 divide 2235?
False
Does 10 divide 462?
False
Is 45 a factor of 654?
False
Is 12 a factor of 648?
True
Is 449 a multiple of 7?
False
Does 14 divide 23802?
False
Is 1344 a multiple of 84?
True
Does 81 divide 3078?
True
Is 1881 even?
False
Does 229 divide 37055?
False
Is 24 a factor of 53808?
True
Is 58830 a multiple of 318?
True
Is 72 a factor of 49087?
False
Does 3 divide 369?
True
Does 20 divide 3174?
False
Is 136 a factor of 3264?
True
Does 76 divide 608?
True
Is 4092 a multiple of 11?
True
Is 7 a factor of 2891?
True
Is 4 a factor of 128?
True
Does 17 divide 1241?
True
Does 23 divide 14996?
True
Is 9056 a multiple of 32?
True
Does 5 divide 114?
False
Does 7 divide 4207?
True
Is 18 a factor of 558?
True
Is 16791 a multiple of 87?
True
Does 5 divide 9025?
True
Is 5220 a multiple of 6?
True
Is 105 a multiple of 21?
True
Does 37 divide 939?
False
Does 80 divide 12585?
False
Does 22 divide 10846?
True
Does 7 divide 294?
True
Is 1588 a multiple of 4?
True
Is 74 a factor of 47212?
True
Does 111 divide 2004?
False
Is 20 a factor of 2054?
False
Is 1142 a multiple of 20?
False
Is 55 a factor of 770?
True
Is 5257 a multiple of 56?
False
Is 41 a factor of 265?
False
Is 19074 a multiple of 22?
True
Does 49 divide 6566?
True
Is 40 a factor of 588?
False
Is 157 a multiple of 5?
False
Does 26 divide 13248?
False
Does 109 divide 3597?
True
Is 960 a multiple of 6?
True
Does 42 divide 714?
True
Is 11868 a multiple of 12?
True
Is 15111 a multiple of 69?
True
Is 20 a factor of 1979?
False
Does 79 divide 4977?
True
Is 16 a factor of 1723?
False
Is 2 a factor of 5326?
True
Is 105 a factor of 24225?
False
Is 9 a factor of 18513?
True
Is 7664 a multiple of 12?
False
Is 6612 a multiple of 19?
True
Is 98 a factor of 5567?
False
Is 870 a multiple of 58?
True
Is 104 a multiple of 17?
False
Is 12528 a multiple of 27?
True
Is 1222 a multiple of 13?
True
Is 90 a factor of 1800?
True
Is 13 a factor of 49407?
False
Is 18 a factor of 7810?
False
Is 3910 a multiple of 115?
True
Does 4 divide 17556?
True
Does 220 divide 9240?
True
Is 112 a factor of 12918?
False
Is 25 a factor of 15599?
False
Is 41 a factor of 27634?
True
Is 9 a factor of 140?
False
Is 7680 a multiple of 15?
True
Does 50 divide 67434?
False
Does 63 divide 41706?
True
Does 94 divide 1258?
False
Is 7 a factor of 2180?
False
Does 146 divide 15038?
True
Does 22 divide 349?
False
Does 14 divide 8568?
True
Does 11 divide 25050?
False
Is 81 a factor of 2834?
False
Does 24 divide 55032?
True
Is 18 a factor of 16747?
False
Does 80 divide 2654?
False
Is 99 a multiple of 3?
True
Does 67 divide 9420?
False
Is 100 a factor of 5100?
True
Does 24 divide 1971?
False
Is 18 a factor of 234?
True
Does 32 divide 608?
True
Does 13 divide 3087?
False
Does 64 divide 120?
False
Is 29 a factor of 40832?
True
Is 12586 a multiple of 29?
True
Is 110 a factor of 53900?
True
Is 7 a factor of 1543?
False
Is 31 a factor of 5446?
False
Is 29 a factor of 16378?
False
Does 21 divide 3696?
True
Is 30210 a multiple of 57?
True
Does 46 divide 1362?
False
Is 379 a multiple of 18?
False
Is 13 a factor of 13205?
False
Is 1732 a multiple of 32?
False
Does 84 divide 36975?
False
Is 2 a factor of 3060?
True
Does 45 divide 30652?
False
Is 3267 a multiple of 27?
True
Is 9454 a multiple of 29?
True
Is 69 a factor of 32223?
True
Does 82 divide 11152?
True
Does 10 divide 692?
False
Does 31 divide 1860?
True
Does 20 divide 659?
False
Does 11 divide 946?
True
Is 1328 a multiple of 9?
False
Is 248 a multiple of 37?
False
Does 11 divide 25553?
True
Is 31 a factor of 105930?
False
Is 5958 a multiple of 18?
True
Is 7 a factor of 3683?
False
Is 28 a factor of 61848?
False
Does 9 divide 363?
False
Does 50 divide 10750?
True
Does 16 divide 2128?
True
Is 23871 a multiple of 23?
False
Is 612 a multiple of 25?
False
Does 4 divide 454?
False
Is 1394 even?
True
Is 1860 a multiple of 11?
False
Is 135 a multiple of 2?
False
Is 25757 a multiple of 43?
True
Is 1111 a multiple of 28?
False
Is 321 a multiple of 7?
False
Is 2368 a multiple of 8?
True
Does 85 divide 6800?
True
Is 4186 a multiple of 12?
False
Is 9 a factor of 209?
False
Does 22 divide 17116?
True
Is 16572 a multiple of 12?
True
Does 13 divide 245?
False
Is 1505 a multiple of 35?
True
Is 1482 a multiple of 6?
True
Does 13 divide 1131?
True
Is 28161 a multiple of 250?
False
Is 632 a multiple of 4?
True
Does 9 divide 675?
True
Does 18 divide 630?
True
Is 20 a factor of 35380?
True
Is 77 a multiple of 14?
False
Does 10 divide 164?
False
Is 68 even?
True
Is 19148 a multiple of 10?
False
Is 18 a factor of 54?
True
Is 2720 a multiple of 14?
False
Is 275 a multiple of 11?
True
Is 1310 a multiple of 11?
False
Is 2 a factor of 241?
False
Is 465 a multiple of 15?
True
Is 3868 a multiple of 8?
False
Is 2 a factor of 248?
True
Is 17 a factor of 10557?
True
Is 22147 a multiple of 53?
False
Is 1704 a multiple of 7?
False
Does 15 divide 1365?
True
Is 4157 a multiple of 17?
False
Is 2352 a multiple of 84?
True
Is 15 a multiple of 2?
False
Does 9 divide 130?
False
Is 5236 a multiple of 11?
True
Is 79 a factor of 25675?
True
Does 176 divide 6958?
False
Is 1924 a multiple of 26?
True
Is 799 a multiple of 6?
False
Does 123 divide 13161?
True
Is 2056 a multiple of 41?
False
Is 65 a factor of 46765?
False
Is 2 a factor of 123?
False
Does 4 divide 3200?
True
Is 38 a factor of 907?
False
Does 26 divide 43147?
False
Is 7 a factor of 357?
True
Does 3 divide 554?
False
Does 10 divide 340?
True
Is 33978 a multiple of 35?
False
Is 268 a multiple of 12?
False
Is 12519 a multiple of 23?
False
Is 149 a factor of 4646?
False
Does 5 divide 365?
True
Is 6560 a multiple of 32?
True
Is 41 a factor of 13981?
True
Is 41 a factor of 1199?
False
Is 5978 a multiple of 98?
True
Is 6576 a multiple of 48?
True
Is 132 a multiple of 4?
True
Is 31902 a multiple of 251?
False
Does 11 divide 3